908 = 0, -33*j + a = -31*j - 4452. Calculate the greatest common factor of j and 12.
4
Suppose 9*a - 26*a = 8398. Let f = -263 - a. What is the highest common factor of 42 and f?
21
Suppose 9*d + 1197 = -738. Let m = 365 + d. Calculate the highest common divisor of 60 and m.
30
Let o be 7/21 + (-70)/(-6). Suppose o*w = 7*w + 325. Let u(i) = 3*i**3 - 44*i**2 - 15*i + 13. Let c be u(15). What is the greatest common factor of w and c?
13
Let r(i) = -25 - 14 + 12 - 5 + 7*i. Let w be r(5). Calculate the highest common factor of 33 and w.
3
Let a(l) = 4 - 10 - 3*l - 18 + l. Let z be a(-11). Let u be z + 1 - (3 + (-7 - 3)). Calculate the highest common divisor of 48 and u.
6
Suppose -22*s + 16*s = -3066. Let g = s - 245. Calculate the highest common divisor of g and 14.
14
Let d = 123 - 108. Suppose 54 = 16*x - d*x. What is the greatest common divisor of 54 and x?
54
Suppose -22*u + 36370 = -6*u - 5438. Calculate the greatest common divisor of u and 78.
39
Let x = 12372 + -11231. What is the greatest common factor of x and 7?
7
Suppose 0 = 2*g - 6, 8*v - 4*v = 3*g + 19. Suppose -w = 3*a - 291, 4*w - 4*a = v*w - 863. Calculate the greatest common factor of w and 38.
19
Suppose 3*s = -3*k + 1374, 2*s - 173 = -5*k + 731. Suppose -41*u + 517 + 2189 = 0. What is the greatest common factor of s and u?
66
Let w = 5492 + -5487. What is the highest common factor of w and 815?
5
Let q be (-1 - -679)/((-21)/98*-7). Suppose -607 = -4*i + g - 180, 4*i - q = -4*g. Calculate the highest common factor of i and 12.
12
Let u(b) = -4*b**2 + 7*b + 3. Let t be u(8). Let l = 362 + t. What is the greatest common divisor of 15 and l?
15
Let z(p) = p**3 + 35*p**2 - 204*p + 263. Let i be z(-40). What is the greatest common factor of i and 27?
9
Suppose -3*z + 1292 = 2*x, 0*z = -5*z - 4*x + 2154. Let o = 101118 - 101108. What is the highest common divisor of o and z?
10
Suppose 3*y = 5*b - 3*b - 31, -2*y - 83 = -5*b. Let n be ((-15549365)/348)/(-73) - (5/(-60))/(-1). Calculate the highest common divisor of b and n.
17
Suppose 5*q + 5*r - 9110 = 0, -5*r = 3*q - 6*r - 5478. What is the highest common factor of q and 25?
25
Let x = -75 - -257. Let q = x + -32. Calculate the greatest common divisor of q and 20.
10
Let h = 22 + 140. Let l = h - 86. Let b be 573/5 + (18/5)/(-6). What is the highest common divisor of b and l?
38
Suppose 5*z - 4 = 6. Suppose 0*c - c = -z. Let k(y) = 3*y**2 + 159*y + 10. Let q be k(-53). What is the highest common divisor of q and c?
2
Suppose -5*f = -4*i - 170 + 1062, 5*i + 3*f = 1078. Calculate the greatest common factor of 4 and i.
2
Suppose -957*n - 4590 = -963*n. Suppose g = 16*g - n. What is the greatest common factor of g and 17?
17
Let d be 2640/36 + 2/3. Let y = 1018 + -685. Calculate the highest common factor of d and y.
37
Suppose -14*u + 2046 = -4*q, -5*u + 281 + 445 = -3*q. Calculate the greatest common factor of 784 and u.
49
Suppose -19057 - 1337 = -103*f. What is the greatest common factor of 660 and f?
66
Suppose 0 = -2*m - 2*l + 166, 24*l - 26*l = -4*m + 302. What is the greatest common factor of 4 and m?
2
Suppose 0*u + 3*u - 2*s = -33, -4*u = 4*s + 24. Let r be (-6)/(-5)*(3 - (-3)/(-6)). Let h be (-6)/u - (-82)/r. What is the highest common divisor of h and 224?
28
Let c(r) = -6*r**2 + 3*r + 2. Let k be c(2). Let b = k + 26. Calculate the greatest common factor of 80 and b.
10
Let l = 1 + 511. Suppose -8*t + l = -0*t. Suppose 4*f - 12 = -4*k, 2*k + 10 - 31 = f. What is the greatest common divisor of t and k?
8
Suppose 220*w + 884 = 5504. Calculate the highest common factor of w and 651.
21
Let d = -505 + 516. Let c be 84 - (55/d + (-1 - -1)). Calculate the highest common divisor of 79 and c.
79
Let n be 3/(4 + -1 + -2). Let j be ((-4)/(-3 + -1))/(3/n). Suppose 0 = -3*c + 3. Calculate the highest common factor of c and j.
1
Suppose -22 - 38 = -4*r. Suppose -m + 2*w = 0, -10*m - w + 1 = -11*m. Let u be (6/m)/(36/(-1260)). What is the greatest common divisor of r and u?
15
Let f be 30/4*(2 + 1494/45). Suppose 0 = 3*s + 5*d - 77, -3*s + 4 = d - 69. What is the highest common divisor of f and s?
24
Suppose -3*s + 5*m + 5823 = 0, 3*s - 140*m - 5817 = -137*m. What is the greatest common factor of s and 16?
16
Let v be (-2)/9 - 9/((-972)/10608). What is the greatest common divisor of v and 238?
14
Suppose -f = -3*q - 116 + 1071, 3*f = -5*q + 1629. Calculate the greatest common factor of q and 12.
3
Suppose -196 + 184 = 4*z, 0 = 2*l + 3*z - 419. What is the highest common factor of l and 18190?
214
Suppose 0 = -12*r - 2*p + 19212, -7*r + 5*r = -p - 3194. Calculate the highest common factor of r and 448.
64
Let w = 23 + -13. Let n = 2358 - 2358. Let t be (-4)/w - (n - (-189)/(-35)). Calculate the highest common factor of 35 and t.
5
Let x = 914 - 641. Suppose o = 3*s + 6*o - 209, -s - 4*o = -58. What is the greatest common divisor of x and s?
39
Let x(m) = m**2 - 5*m - 5. Let p be (-81)/(-6)*((-96)/18)/(-8). Let j be x(p). What is the greatest common divisor of 341 and j?
31
Let d = 481 - 61. Let q be (-1)/(d/(-418) + 1). Calculate the highest common divisor of q and 19.
19
Suppose 0 = 5*m - s - 31914, 0 = 2*m - 6*s + 7*s - 12774. Calculate the highest common factor of 19 and m.
19
Suppose 2*m - 25*t + 21*t = 32, -4*m + 88 = -2*t. Calculate the highest common divisor of m and 4116.
12
Suppose -132*r + 86*r + 1288 = 0. Calculate the greatest common factor of 1048 and r.
4
Let a be 6/16 - 173536/(-2816). Calculate the highest common divisor of a and 6758.
62
Let b be (-10)/(-8) - ((-108)/16 + 7). What is the highest common divisor of b and 311?
1
Let v(y) = -y**2 + 7*y + 141. Let t be v(0). Suppose -8*x = -339 - t. What is the greatest common divisor of 20 and x?
20
Let q(h) = 17*h**2 - 35*h + 80. Let c be q(8). Calculate the greatest common factor of 372 and c.
12
Let z be (-50)/(-6) + (-38)/(-57). Suppose 0 = z*s + 2*s - 440. What is the greatest common divisor of s and 560?
40
Let v be 4 + 0 + (1 + 2)*13. Let k = -2 + v. What is the greatest common divisor of k and 205?
41
Let v(d) = -d**2 + 20. Let r be v(4). Suppose 3*b + 5*j = 13 + 289, -r*j = -4. What is the greatest common divisor of 165 and b?
33
Let k = -19 + -13. Let f = k + 40. Let z be f/(((-4)/25)/(-2)). Calculate the greatest common divisor of 25 and z.
25
Let u = -108 - -113. Suppose 32 = 11*j - 10*j + u*a, -4*j + 4*a + 8 = 0. Let m = -11 + 18. Calculate the greatest common divisor of m and j.
7
Let q = -6 + 23. Suppose -7 = 3*m + 4*l - 34, 4*m + 5*l - 35 = 0. Suppose 2*n - 1 = 5*f, -m*f + q = 2. Calculate the greatest common factor of 72 and n.
8
Let i be (-189)/(-4)*(-5416)/(-2031). Calculate the highest common divisor of i and 2674.
14
Suppose 44752 = 309*l - 44777 - 21711. Calculate the greatest common divisor of l and 4104.
72
Let g(x) = x**2 - 2*x + 6. Let w(i) = i**2 + 2. Let z(k) = -g(k) + 4*w(k). Let f = 0 - -2. Let u be z(f). What is the greatest common factor of u and 72?
18
Suppose -i - 7*d + 926 = -4388, -i + 4*d = -5248. Calculate the highest common divisor of i and 8.
8
Suppose u - 17 = 3*v, 2*u - 4 = -2*v - 2. Suppose 5*g = p + 3*p + 143, -161 = -u*g - 2*p. Calculate the highest common factor of 155 and g.
31
Let n = -903 - -1255. What is the greatest common factor of n and 396?
44
Let b(p) = 37*p + 7. Let c be b(5). Let w(h) = 104*h + 856. Let g be w(-8). Calculate the greatest common factor of c and g.
24
Let x = -274 - -269. Let h(w) = w**2 - 6*w - 17. Let a be h(x). What is the highest common divisor of a and 19?
19
Let o(a) = -34*a**2 - 4 + a**3 + 1 - 2*a**3 + 43*a**2 + 3*a. Let h be o(10). Let p = -66 - h. What is the highest common factor of p and 63?
7
Let t = -300 - -465. Suppose -389*l - 594 = -398*l. Calculate the highest common factor of t and l.
33
Suppose 12*y = -461 - 1687. Let o = y - -203. Calculate the highest common factor of o and 132.
12
Let a(p) = -23*p + 11. Let z be a(-24). Let i = z + -425. What is the highest common divisor of 6 and i?
6
Let x = 8396 + -6566. Calculate the greatest common divisor of 390 and x.
30
Let y = -13162 + 22381. What is the highest common factor of y and 147?
21
Suppose 3*d - 177 + 773 = 4*g, -2*g + 288 = d. Let n be (-32)/6*(-7665)/g. Calculate the highest common factor of 20 and n.
20
Suppose 3*k - 4*q = -